 + 11. Give d(-6).
-1135
Let n(l) = -92*l + 2314. Determine n(25).
14
Let x(a) = a**3 - 51*a**2 + 48*a + 52. What is x(50)?
-48
Let b(y) = 82*y - 838. Calculate b(10).
-18
Let s(a) = 3*a**2 + 60*a - 375. What is s(6)?
93
Let s(d) = -d**3 + 13*d**2 + 46*d - 228. Determine s(15).
12
Let t(h) = -2*h**3 + 53*h**2 + 32*h - 105. Calculate t(27).
30
Let j(t) = -4*t**2 - 56*t - 196. Give j(-7).
0
Let y(g) = g**2 + 6*g - 43. Give y(-20).
237
Let s(q) = -q**3 + 38*q**2 - 28*q - 360. What is s(37)?
-27
Let g(j) = -j**3 - 8*j**2 - 5*j + 1. What is g(-4)?
-43
Let a(q) = -65*q + 217. Calculate a(3).
22
Let d(c) = c**2 - 26*c - 67. Calculate d(28).
-11
Let k(t) = t**3 + 12*t**2 + 15*t + 6. Calculate k(-11).
-38
Let p(t) = -1130*t - 5653. What is p(-5)?
-3
Let i(r) = -222*r + 431. What is i(2)?
-13
Let n(a) = 3*a**3 - 4*a**2 + 10*a - 10. Calculate n(3).
65
Let i(l) = -l**2 - 85*l - 1808. Give i(-40).
-8
Let r(v) = -3*v**2 - 89*v + 580. Give r(6).
-62
Let s(f) = -f**3 - 86*f**2 + 244*f + 61. Determine s(3).
-8
Let k(p) = -p**2 + 38*p - 42. Calculate k(21).
315
Let c(d) = -d**2 + 32*d - 29. Give c(33).
-62
Let k(m) = -34*m**2 - 28*m + 16. What is k(2)?
-176
Let g(t) = 6*t**2 - 82*t + 9. Calculate g(15).
129
Let n(x) = 2*x**3 + 76*x**2 + 213*x - 3. Calculate n(-35).
-108
Let w(t) = -t**2 - 86*t + 200. Calculate w(-88).
24
Let a(j) = -j**3 + 19*j**2 + 189*j + 389. Give a(-4).
1
Let s(h) = 13*h**3 - h**2 + 638*h + 639. Determine s(-1).
-13
Let j(r) = -r**3 - 6*r**2 - 37*r - 150. What is j(-5)?
10
Let i(o) = o**2 + 36*o - 43. What is i(-37)?
-6
Let s(k) = -33*k + 1139. What is s(34)?
17
Let q(d) = d**2 - 83*d - 1466. Calculate q(-15).
4
Let t(h) = 19*h**3 + 35*h**2 - 12*h - 4. Determine t(-2).
8
Let o(c) = 39*c + 639. Give o(-17).
-24
Let b(l) = -38*l - 597. Give b(-21).
201
Let h(c) = c**2 + 25*c - 1500. Determine h(-53).
-16
Let d(q) = -1170*q - 138059. What is d(-118)?
1
Let f(t) = -100*t - 313. Determine f(-3).
-13
Let o(d) = 3*d**3 - 44*d**2 + 34*d - 117. Give o(14).
-33
Let p(z) = -211*z - 3429. What is p(-16)?
-53
Let x(o) = -80*o + 406. What is x(6)?
-74
Let x(r) = 181*r - 1124. Determine x(5).
-219
Let g(u) = 2*u**3 - 22*u**2 + 49*u + 6. What is g(8)?
14
Let g(d) = 248*d**2 + 17*d + 16. What is g(-1)?
247
Let j(h) = h**3 - 19*h**2 - 39*h - 35. Determine j(21).
28
Let q(b) = -739*b**2 - 2222*b - 4. Give q(-3).
11
Let w(z) = z**3 - 7*z**2 + 6*z - 6. Calculate w(2).
-14
Let g(y) = 3*y**2 - 54*y + 320. What is g(8)?
80
Let m(x) = -2*x**2 + 2*x + 5. What is m(-7)?
-107
Let b(c) = -34*c**3 - c**2 - 25*c - 24. Give b(-1).
34
Let b(g) = 2*g**3 + 97*g**2 - 182*g - 11037. Determine b(-48).
3
Let s(w) = -2*w**2 - 29*w - 159. What is s(-8)?
-55
Let h(w) = -31*w**2 + 4527*w - 139. Calculate h(146).
7
Let f(l) = -6*l**2 + 89*l - 21. Determine f(14).
49
Let b(t) = -72*t - 2607. Determine b(-36).
-15
Let d(v) = -v**3 + 6*v**2 - 62*v + 485. Determine d(7).
2
Let c(q) = q**2 + 68*q - 353. Calculate c(-73).
12
Let d(v) = v**3 + 11*v**2 - 39*v + 62. Give d(-14).
20
Let x(l) = -4*l**3 - 85*l**2 + 66*l + 8. Give x(-22).
8
Let g(y) = 22*y - 123. Give g(-6).
-255
Let x(l) = -l**2 + 46*l + 597. Give x(-11).
-30
Let z(a) = -28*a + 12. Calculate z(-3).
96
Let v(z) = z**3 - 6*z**2 + 7*z - 9. Give v(4).
-13
Let g(c) = c**3 + 116*c**2 + 3282*c - 72. Give g(-67).
-5
Let y(w) = -w**3 - 72*w**2 - 2*w - 159. Determine y(-72).
-15
Let s(a) = -62*a + 1084. Give s(18).
-32
Let d(i) = -38*i + 525. Determine d(6).
297
Let i(s) = 87*s**2 + 8*s + 22. What is i(0)?
22
Let i(f) = -2*f**3 + 34*f**2 - 25*f - 121. Determine i(16).
-9
Let r(q) = 43*q + 29. Give r(-1).
-14
Let f(b) = 15*b**2 + 100*b - 6. Calculate f(-8).
154
Let f(a) = -346*a - 1086. Give f(-5).
644
Let c(r) = -r**3 + 48*r**2 - 12*r + 560. What is c(48)?
-16
Let v(b) = -3*b**2 + 161*b - 737. Calculate v(5).
-7
Let h(r) = -7*r**2 - 135*r + 101. Calculate h(-20).
1
Let j(b) = -b**2 - 1377*b - 20422. What is j(-15)?
8
Let x(c) = 141*c - 22147. Give x(157).
-10
Let j(k) = -4*k**2 - 113*k - 1. Give j(-28).
27
Let a(z) = 4*z**2 - 61*z + 224. Calculate a(10).
14
Let o(f) = f**3 + 18*f**2 + 12*f + 48. Calculate o(-15).
543
Let y(q) = -q**3 - 78*q**2 + 80*q + 120. Calculate y(-79).
41
Let h(j) = -19*j - 452. What is h(8)?
-604
Let j(n) = -398*n + 60515. Give j(152).
19
Let d(q) = 40*q + 20. Give d(1).
60
Let z(g) = -2*g**2 - g + 49. Determine z(7).
-56
Let c(t) = 3*t**2 + 88*t + 301. What is c(-15)?
-344
Let s(l) = -l**2 + 40*l + 133. Calculate s(30).
433
Let b(q) = 2*q**2 - 116*q - 615. What is b(63)?
15
Let g(j) = -j**3 + 2*j**2 + 8*j + 1. Give g(4).
1
Let f(b) = -b**2 - 218*b - 5136. Calculate f(-27).
21
Let g(n) = -12*n**2 - 162*n + 478. Calculate g(3).
-116
Let v(u) = -u**2 - 13*u - 41. Calculate v(-9).
-5
Let r(h) = -223*h + 63957. Give r(287).
-44
Let q(f) = -10*f**2 + 102*f + 326. What is q(-3)?
-70
Let g(n) = -5*n**2 - 11*n - 22. Calculate g(-10).
-412
Let t(v) = 80*v + 314. Determine t(-4).
-6
Let f(x) = x**2 - 659*x - 658. Determine f(-1).
2
Let w(z) = z**2 + 23*z + 287. Determine w(-17).
185
Let v(j) = -2*j**2 + 31*j + 676. What is v(28)?
-24
Let h(r) = 725*r + 24629. Determine h(-34).
-21
Let l(j) = 3322*j - 39795. What is l(12)?
69
Let g(w) = 2*w**2 - w - 317. Determine g(-20).
503
Let c(j) = 2049*j + 8188. Give c(-4).
-8
Let w(f) = f**2 + 68*f + 563. Calculate w(-8).
83
Let h(u) = u + 183. Determine h(36).
219
Let g(v) = 21*v - 715. Give g(40).
125
Let y(h) = 24*h**2 + 12*h + 1. What is y(-2)?
73
Let t(k) = -5*k + 332. Determine t(62).
22
Let u(g) = 722*g - 2121. Calculate u(3).
45
Let p(r) = 19*r - 499. Determine p(26).
-5
Let g(i) = 88*i - 524. What is g(4)?
-172
Let m(w) = w**3 - w**2 - 245*w + 5. What is m(0)?
5
Let g(s) = 54*s - 156. Calculate g(3).
6
Let i(d) = 109*d**2 + 53*d - 2. What is i(-2)?
328
Let c(p) = -p**2 + 40*p + 141. Determine c(25).
516
Let p(y) = 7*y**2 + 52*y - 4741. Give p(-30).
-1
Let a(m) = -2*m**2 - 19*m + 26. Calculate a(-15).
-139
Let s(g) = g**3 + 59*g**2 + 168*g + 8. Calculate s(-3).
8
Let v(n) = -2*n**2 - 207*n - 733. What is v(-96)?
707
Let c(u) = -3*u**2 - 23*u + 1749. Give c(21).
-57
Let r(t) = t**3 + t**2 + 5*t + 72. What is r(0)?
72
Let y(m) = -132*m + 643. Give y(5).
-17
Let j(a) = -2*a**3 + 127*a**2 - 58*a - 284. What is j(63)?
31
Let c(f) = -189*f**2 - 4156*f + 51. Determine c(-22).
7
Let q(c) = 13*c**2 - 7*c + 13. Determine q(2).
51
Let x(a) = -266*a - 4539. Determine x(-17).
-17
Let k(i) = 6*i**2 + 7*i - 49. Determine k(2).
-11
Let r(q) = q**3 - 12*q**2 + 18*q - 117. Calculate r(16).
1195
Let f(x) = 17*x - 277. Give f(16).
-5
Let p(j) = -5*j + 12. Determine p(23).
-103
Let h(a) = -a**2 + 31*a + 56. What is h(32)?
24
Let k(o) = -o**2 + 110*o + 677. Give k(-6).
-19
Let c(l) = 150*l + 9. Calculate c(-1).
-141
Let n(l) = 2*l**2 + 94*l - 530. What is n(-52)?
-10
Let l(p) = 3*p**3 + 55*p**2 + 70*p + 9. Calculate l(-17).
-25
Let i(b) = -266*b - 1304. Determine i(-5).
26
Let n(a) = 3*a**2 + 66*a + 215. What is n(-18)?
-1
Let b(r) = 37*r**2 - 291*r + 1. Calculate b(9).
379
Let z(g) = 17*g + 301. Determine z(-14).
63
Let i(j) = 176*j + 299. Determine i(-3).
-229
Let v(j) = -95*j**2 + 2750*j + 138. Give v(29).
-7
Let u(r) = -7*r**2 - 36*r + 31. Determine u(-6).
-5
Let f(o) = -14*o**2 - 83*o - 15. Give f(-6).
-21
Let i(q) = -68*q + 1631. Give i(24).
-1
Let g(b) = b**2 + 11*b - 61. Give g(5).
19
Let m(q) = 76*q - 313. Give m(4).
-9
Let b(l) = -2*l**2 + 75*l - 210. Calculate b(34).
28
Let d(y) = -y**3 + 12*y**2 + 19*y - 173. Give d(7).
205
Let h(r) = 129*r - 586. What is h(4)?
-70
Let s(n) = -n**3 + 78*n**2 - 947*n + 141. What is s(63)?
15
Let s(i) = 27*i + 141. Give s(-5).
6
Let d(z) = -2*z**3 - 59*z**2 - 2*z + 72. What is d(-29)?
-711
Let o(d) = -1189*d - 11894. Calculate o(-10).
-4
Let l(h) = -4*h**3 - 31*h + 42. Calculate l(4).
-338
Let k(n) = 41*n**2 - 526*n - 18. What is k(13)?
73
Let o(q) = -q**2 - 159*q + 454. Calculate o(3).
-32
Let v(m) = -15*m**2 - 75*m - 16. Determine v(-4).
44
Let o(q) = -97*q + 341. What is o(5)?
-144
Let b(m) = 24*m - 2. What is b(3)?
70
Let g(m) = m**3 - 33*m**2 + 94*m - 127. Determine g(30).
-7
Let u(a) = a**3 + 2*a**2 - 21*a - 13. Determine u(-7).
-111
Let k(y) = 47*y - 1855. Calculate k(39).
-22
Let g(y) = -25*y**2 + 7*y + 65. Give g(4).
-307
Let p(o) = 64*o + 93